he tens digit of s?
4
Suppose -3*m + 2*m - 2020 = -5*x, 4*m + 1212 = 3*x. Suppose g - 1171 = x. What is the units digit of g?
5
Let h(f) = -f**2 - 44*f + 82. Let g be h(-32). Let n = g + 183. What is the units digit of n?
9
Suppose 33*r = -139*r + 4238768. What is the hundreds digit of r?
6
Suppose 0*z + 3*z + 9 = -3*x, 0 = 4*x - 3*z + 5. Let i = x + -2. What is the tens digit of (-6)/i + (-8400)/(-32)?
6
Let m = 263 + -259. What is the units digit of m - (-58 + -3)/(1/1)?
5
Let r = 3546 + -2796. What is the units digit of r?
0
Let q = 226 - 151. Suppose -q - 1126 = -5*i + 4*l, -i + 240 = -l. What is the units digit of i?
1
Suppose -5*y - d + 12127 = -17753, 11952 = 2*y - 3*d. What is the thousands digit of y?
5
Let r(g) = -53*g**3 - 2*g - 2. Let m(f) = -54*f**3 - 2*f - 2. Let a(w) = 3*m(w) - 4*r(w). Let q be a(-1). What is the hundreds digit of (-6)/(-15) - 10180/q?
2
Suppose -5*m - a + 4319 = 0, 3*a = a - 2. Let c be (-2 - -1)/4 - ((-4140)/(-144) + -29). Suppose -12*s + 3*s + m = c. What is the tens digit of s?
9
Suppose 5*v - 45*a = -46*a + 70874, 0 = a - 4. What is the ten thousands digit of v?
1
Let t(o) = -2*o**3 - 61*o**2 + 13*o - 36. Let a be t(-31). What is the hundreds digit of a + 1 + (0 - 0)/7?
5
Suppose 0 = c + a - 492, -6*c + 3*c + 5*a + 1436 = 0. Let v = 1038 - c. What is the hundreds digit of v?
5
Let t(f) = -23*f + 24*f + 3*f**2 + 159 - 144 + 20*f**2. What is the tens digit of t(-3)?
1
Let v(n) = -2*n**2 + 11*n + 10. Let b be v(6). Suppose w = b*w + 6*w. Suppose -4*s + 5*l + 355 = w, 3*s - 179 = s + 3*l. What is the units digit of s?
5
Suppose 3*i - 3*z = -2*z - 23, 5*i + 55 = 5*z. What is the units digit of (-2 + i)*(-447)/6?
6
Let r(v) = -62*v - 46. Let j be r(-3). Let n = j - 45. What is the tens digit of n?
9
Suppose p - 808 = -r + 478, -4*p + 2*r + 5120 = 0. Let u be 3/(-24) - p/(-16). Let w = u + 24. What is the tens digit of w?
0
Let t(n) = -n**3 + 17*n**2 - 18*n + 35. Let k be t(16). Suppose -b - 887 = -2*b - 3*i, k*i + 2721 = 3*b. What is the tens digit of b?
0
Suppose 264 = -2*k + 248, 0 = -2*v - k + 70898. What is the thousands digit of v?
5
Suppose 352 = 10*o - 108. Suppose -4*q = -o - 130. Let g = 202 - q. What is the tens digit of g?
5
Let y = -197 + 199. What is the units digit of (y/(-8))/((-17)/44336)?
2
Suppose 0 = -96*y + 99*y - 15. Suppose j - 5*j - 296 = -p, 5*p - y*j = 1420. What is the hundreds digit of p?
2
Let f = 90286 + -49704. What is the units digit of f?
2
Let n(t) = -5*t + 10. Let o be n(2). Suppose -4*p = -0 - 4, b + 4*p - 334 = o. What is the hundreds digit of b?
3
Let a(m) = m**2 + 23*m + 23. Let f be a(-23). Suppose -5*g + 129 = 27*h - f*h, 0 = -2*h - 3*g + 63. What is the units digit of h?
6
Suppose 342591 - 687174 = -83*c + 501436. What is the units digit of c?
3
Let s(t) = -t**3 - 19*t**2 - 20*t - 45. Let i be s(-18). Let m(w) = 3*w**2 - 11*w + 8. What is the units digit of m(i)?
0
Let g = -87 - -90. Suppose -2*a + 5*a - 3 = 0, 635 = 4*s + g*a. What is the units digit of s?
8
Let u(k) = 32*k**2 - 31*k - 204. Let m be u(-8). Suppose 0 = -5*c + 3*f + m, 4*c - f = 1780 - 105. What is the tens digit of c?
1
Let l(s) = 10*s**2 - 25*s + 381. What is the ten thousands digit of l(36)?
1
Let l(i) = 1163*i - 1077. What is the units digit of l(13)?
2
Suppose -243*x = -258*x + 220365. What is the units digit of x?
1
Let t = -240 - -245. Suppose 0 = 2*u + 2*h - 174, -3*h + 179 = 7*u - t*u. What is the tens digit of u?
8
Let y = -27979 + 37307. What is the units digit of y?
8
Suppose -3*c - 3*o = -1110, -3*o - 803 = -4*c + 712. Let p = 624 + c. What is the tens digit of p?
9
Let x(i) = -i**3 - 38*i**2 - 71*i + 53. Let z be x(-35). What is the tens digit of (1/(-3)*z)/1?
7
Let n = -73 - -66. Let i be 4 - (8 + -4) - n. Suppose -i*d + 1827 = 56. What is the units digit of d?
3
Suppose -4*t = -2*n - 14, 3*t + 7 - 19 = n. Suppose 3*y + 1954 = 2*g, t*g + y = 5*y + 4892. What is the units digit of (g/(-15))/((-4)/6)?
8
Let s = -38 + 70. Let j(k) = 11*k - 496. Let y be j(43). Let h = s + y. What is the units digit of h?
9
Suppose -4*l + 11978 = i, 3*i - 11999 = 2*i + 3*l. Suppose 2806 = 18*c - i. What is the units digit of c?
2
Let x = -94 + 105. Suppose 0 = 19*u - x*u - 32. What is the tens digit of (21/u - 9)*(-44 + 0)?
6
Suppose 0 = 378*d - 503*d + 3408625. What is the units digit of d?
9
Suppose -22*a - 3*a + 255900 = 0. Suppose -36*g = -a - 4596. What is the tens digit of g?
1
Suppose -5*i + 13315 = -0*i. Let g be (-12)/20 - i/(-5). Suppose 5*j + 2*o - 642 = 26, 4*j + o = g. What is the hundreds digit of j?
1
Suppose 148*s - 719019 = -210639. What is the units digit of s?
5
Let w be 6 + (-5 - -2) - -2. Let j(k) = 3*k**2 + 3*k - 5*k**3 - 6*k**2 + w - 2 - 5*k. What is the units digit of j(-3)?
7
Let m(i) = -7*i + 4. Let h be m(-1). Let y(u) = -u + 14. Let g be y(h). Suppose -g*f - 121 = -538. What is the units digit of f?
9
Suppose 4*q - 2*x - 2354 = 0, -6*q + 2905 = -q + 5*x. Suppose -3*t + 854 = y, 0*t - 2*t + q = 4*y. What is the hundreds digit of t?
2
Let v = -91 - -143. Let u = v + -47. Suppose 5*n + 4*y - 388 = 0, 2*n - u*y + 4*y = 163. What is the tens digit of n?
8
What is the hundreds digit of (((-3)/6*-24)/2 - 8)*-114?
2
Suppose 65519 = 4*b - 3*n, -13*n + 18 = -7*n. What is the thousands digit of b?
6
Let h be (68/(-6) + 12)/((-2)/(-63)). What is the hundreds digit of (-9837)/(-15) + h/105?
6
Let q = 57 + -55. Suppose 4*i - q*p - 1781 = -p, -4*i + 4*p + 1796 = 0. Suppose -7*y + i = -585. What is the units digit of y?
7
Let s(l) = -52*l + 9. Let k be s(-4). Suppose 3*m - 38 = 121. Suppose 0 = -4*w - w - 4*q + k, w - m = -4*q. What is the units digit of w?
1
What is the hundreds digit of -14895*((-1)/3 - 0)?
9
Let b be (-1)/(30/24 - 18/8). Suppose 4*n = 1147 + b. What is the units digit of n?
7
What is the thousands digit of (-36)/(1*90/9909)*(-5 + 0)?
9
Let q(f) = 16*f**2 + 2*f - 70. What is the hundreds digit of q(11)?
8
Suppose 4*n - 3438 = -2*j, 0 = -20*n + 23*n - 2*j - 2596. Let a = n - 14. What is the units digit of a?
8
What is the hundreds digit of 31/((-372)/48) + 9479?
4
Let g(r) = -r**3 - 8*r**2 + 30*r - 34. Let m be g(-11). Let w(q) = q**3 - 5*q**2 + 5*q - 2. Let d be w(3). What is the units digit of m - ((-170)/d)/(-1)?
3
Let i = 107129 + -52376. What is the hundreds digit of i?
7
Let l(m) = -m**2 - 7*m + 5. Let u be l(-7). Suppose -3*v + 37 = -u. Let j = 53 - v. What is the units digit of j?
9
Suppose 26*q - 132 = 24*q. Suppose -2*l + 4*d + q = -0*d, 0 = 4*l - 5*d - 123. Suppose 804 = -l*k + 33*k. What is the hundreds digit of k?
1
Let m be (-3)/((45/(-9))/15). What is the units digit of (-7 + -2882)/m*-5?
5
Suppose 5*j - 164042 = -3*w, w - 59418 = 5*j - 4724. What is the tens digit of w?
8
Suppose -7312 - 23920 = -4*i. What is the thousands digit of i?
7
Let k = 227 - 224. Suppose -k*s - 5*q + 1553 = 0, 31*q = 2*s + 27*q - 1050. What is the hundreds digit of s?
5
Suppose 2700 = 7*i - 625. What is the tens digit of i?
7
Suppose 84*p - 18*p = 13596. What is the units digit of p?
6
Let p(r) = 83*r**2 - 140*r + 59. What is the tens digit of p(-16)?
4
Let b(i) = 3*i - 9. Let g be b(5). Suppose -g*c + 8*c = -5*c. Suppose -n = -2*s - c*n + 265, 0 = -4*s - n + 533. What is the hundreds digit of s?
1
Suppose -19600864 = -415*w - 5476754. What is the hundreds digit of w?
0
Suppose -30*g + 1977670 = -1018501 + 693071. What is the ten thousands digit of g?
7
Let z be 253 + -1 - 3/(-6)*-2. Let r = -129 + z. Suppose -j + r = -94. What is the units digit of j?
6
Let g = 657 + -309. What is the tens digit of g?
4
Suppose 317*n = 2340451 + 1257605 + 3105860. What is the hundreds digit of n?
1
Suppose 0*t - 12*t = 7968. Let w = t + 1078. What is the hundreds digit of w?
4
Let y(o) = -o**3 + 15*o**2 + 14*o - 25. Let x be y(14). Suppose t + x + 244 = 4*p, 2*p = 5*t + 319. What is the units digit of p?
2
Let f(j) = -13*j - 26. Let r be f(-3). Suppose -r*y + 426 + 1121 = 0. What is the hundreds digit of y?
1
Let w(a) = -9*a**3 - 6*a**2 + 9*a + 3. What is the hundreds digit of w(-6)?
6
Let f(r) = -8*r + 147. Let d(w) = -w**3 - 19*w**2 - 34*w + 15. Let l be d(-17). Suppose -14*v + l*v = 0. What is the tens digit of f(v)?
4
Let h(q) = -2*q**3 - 3*q**2 - 3*q - 8. Let m(i) = i**3 + i. Let u(w) = h(w) - 2*m(